t d(p) = -46*p - 45. What is the tens digit of d(-10)?
1
Let a be (4 - 5/(-4)) + 4/(-16). Suppose a*v = -z + 899, v + 2*z - 80 = 107. What is the hundreds digit of v?
1
Suppose -3*q = -5 - 1. Suppose -2*b + 2*a - 60 = -q*a, 4*b = 5*a - 105. Let y = 3 - b. What is the tens digit of y?
2
Suppose 5*z = z + 64. Suppose -a = a - z. Let f(r) = 2*r + 4. What is the units digit of f(a)?
0
Suppose 0 = -d + 2 + 8. Let j = 13 - d. Suppose -z = p + z, -2*p + j*z = -14. What is the units digit of p?
4
What is the tens digit of (2472/30)/((-12)/(-30))?
0
Let b(h) = 79*h**2 + 3*h - 1. Let q be b(2). Suppose u + 3*u = -3*r + q, 2*r - 410 = -5*u. What is the tens digit of u?
8
Suppose -b + 6*g - g = 14, 4*b - 5*g = 4. Let v(s) = 36*s + 24. What is the tens digit of v(b)?
4
Let d(y) = -5*y**2 + 3*y + 14 + 23*y + 3*y**2 - 5. What is the tens digit of d(8)?
8
Suppose -4*d + 3*s - 567 = -2049, 4*d - s - 1478 = 0. Suppose 2*l + l = d. What is the tens digit of l/2*(-16)/(-24)?
4
Let y be (-9)/((-180)/(-16))*-10. What is the units digit of y + (-15)/5 - 1?
4
Let r be (-422)/(-5)*(-3 - (-17 + 4)). Suppose 8*g - 60 = r. What is the hundreds digit of g?
1
What is the thousands digit of 2 + (63*51 - (-71 + 78))?
3
Let i(r) be the second derivative of 5/6*r**3 + 5/2*r**2 + r + 0. What is the tens digit of i(4)?
2
Suppose 802 - 291 = 7*w. What is the units digit of w?
3
Let f = 16 - 16. Suppose f = s - 43 - 40. What is the tens digit of s?
8
Let u be 1*92*(-69)/12. Let s = u + 816. What is the tens digit of s?
8
Let d be 10/(-20) - (-1287)/(-2). What is the tens digit of (-3 - -4)/((-4)/d)?
6
What is the units digit of 2315/15 - (-20)/(-60)?
4
Suppose -4*y - 12 - 20 = 0. Let h(k) = 6*k + 11 + 4*k - 9*k. What is the units digit of h(y)?
3
Let p = 10 - 8. Suppose -6*b + 8 = -p*b. Suppose -4*u + 5*j = -2*u - 83, -2*u - b*j + 118 = 0. What is the tens digit of u?
5
Suppose 25 = -0*g - 5*g. Let y(m) = -m**3 + 3*m**2 + 3*m + 3. What is the tens digit of y(g)?
8
Suppose -3*w - 65 = -8*w. Let m = w - -30. Suppose 3*u - 228 = -4*z - m, 3*u - 53 = -z. What is the tens digit of z?
4
Suppose -3*v - 9 = 3*p, -5*v - 3*p + 8*p - 45 = 0. Let y(m) = -8*m. What is the units digit of y(v)?
8
Let p(b) be the first derivative of 29*b**2/2 + 3*b - 13. What is the units digit of p(2)?
1
Let f be ((-4)/6)/((-4)/24). Suppose 0 = 2*l - 2, 0*l = 3*r + f*l - 202. Suppose -4*n - r = -6*n. What is the tens digit of n?
3
Suppose 3*u - 46 = -n - u, 5*n + 2*u = 302. What is the units digit of n?
2
Suppose 0 = 9*v - 7*v - 4. Suppose -d + 3*c + 7 = 4*d, v*c - 10 = -4*d. Suppose d*n + 2*n - 65 = -5*k, k - 13 = 2*n. What is the units digit of k?
3
Let j = -37 - -42. Let s(l) = -l**2 + 11*l + 2. What is the tens digit of s(j)?
3
Let f be (2 - -1) + (-1)/(4/124). Let n = 99 + f. What is the tens digit of n?
7
Let o be 4/5*60/(-8). Let w(f) = -f + 3. Let u be w(2). What is the units digit of (-10)/(3/o*u)?
0
Suppose -142*k + 4 = -141*k. Suppose 0*r - 612 = -k*v - 3*r, -5*v - 4*r = -766. What is the tens digit of v?
5
Suppose 0 = -28*m - 134 + 694. What is the units digit of m?
0
Let q = 9028 + -5844. What is the hundreds digit of q?
1
What is the hundreds digit of 13 + -10 - 11 - -797?
7
Suppose -5*t - 19003 = -4*r, -r + 455 = 3*t - 4300. What is the hundreds digit of r?
7
Suppose 7*p - 21 = 196. What is the units digit of p?
1
Suppose -r + 4*c = 2*c - 607, -2*r + 2*c + 1204 = 0. Suppose 3*l + l + 824 = 4*u, -4*l + r = 3*u. What is the units digit of u?
3
Suppose -2*r = 3*r - 25. Let o(m) = -22*m - r + 2*m**2 + 25*m - 4. What is the tens digit of o(-5)?
2
What is the units digit of (-88 + -4)*8/(-16)?
6
Suppose 5*q + 45 = -5*z, -2*q + z = 3*q + 63. Suppose 4*c + 25 + 150 = -3*x, 2 = -2*x. Let b = q - c. What is the units digit of b?
1
Let n = 53 - -407. Suppose -87*o = -92*o + n. What is the units digit of o?
2
Let u be ((-44)/(-10))/(2/(-60)). Let l = -74 - u. What is the tens digit of l?
5
Let b be (234/4)/(12/(-16)). What is the units digit of (-1746)/(-26) + 12/b?
7
What is the thousands digit of 117475/111 - (-2)/(-6)?
1
Suppose -1 = s - 3, w - 2*s + 4 = 0. Let x(o) = -o. Let f be x(w). Suppose f = -3*m + 4*m - 21. What is the tens digit of m?
2
Suppose -5*o + 7*p + 4224 = 4*p, p = -4*o + 3369. What is the tens digit of o?
4
Let n(q) = -q**3 - 12*q**2 - 25*q - 13. What is the tens digit of n(-11)?
4
Suppose -11*o = -9*o. Let h be (31 - o) + (-9 - -9). Let p = h + -13. What is the units digit of p?
8
Suppose -24 = -5*t - 7*t. Suppose t*r + 2*v - 185 = 325, -4*r + 4*v = -980. What is the units digit of r?
0
Suppose 3828 = -3*z + 1170. Let q be z/(-18) - (-6)/(-27). Let x = q + -35. What is the units digit of x?
4
Let m(q) = 4*q - 9. Let x be m(4). Suppose x*t = -4*t + 1617. What is the units digit of t?
7
Let m(t) = t**2 + 10*t - 19. Let h be m(-12). Suppose h*l = 3*l + 96. What is the units digit of l?
8
Let i(m) = -m**3 - 3*m**2 + 3*m. Let y be i(2). Let r(o) = 0 + o**3 + 17 - 4*o + 0*o + 13*o**2 + o**2. What is the units digit of r(y)?
3
Let z be (9/(-3))/((-27)/36). Suppose k - 42 = z. What is the tens digit of k?
4
Suppose 2*x + 4 = p + p, 3*p = 6. Suppose x*c - 2*c = -20. What is the tens digit of c?
1
Let z be 3 + 0 - (-4 - -7). Suppose z = c + c + 48. Let q = 37 + c. What is the units digit of q?
3
Suppose 56 = -f - 7*f. Let p = 102 + f. What is the units digit of p?
5
Suppose 0 = 3*y - n - 3 - 2, -5*y - 4*n = -31. What is the tens digit of 85 - (-1)/(-1 - (y + -3))?
8
Let p(h) = h**2 + 15*h + 21. Let r = 22 + -37. What is the units digit of p(r)?
1
Suppose -6*o + 24 = 2*o. Let i(b) = 2*b + 8. What is the tens digit of i(o)?
1
What is the hundreds digit of (-2)/(4*8/(-6624))?
4
Let a(m) = -153*m + 351. What is the tens digit of a(-12)?
8
Let g(z) = 7*z**2 + 11*z + 11. What is the tens digit of g(-9)?
7
Let p be (-113)/(-3) + 6*(-5)/(-90). Suppose 9*n + p = 560. What is the tens digit of n?
5
Let c = 936 + -621. What is the units digit of c?
5
Let z be ((-2)/6)/(2/18). Let b be 8 - -70 - z*1. Suppose 0 = -2*w - 5*t + b, -3*w + 4*t - 2*t = -112. What is the units digit of w?
8
Suppose -4*u - 5*y + 10 = -3*y, 4*u - 22 = 2*y. Suppose 231 = 3*c - 3*h, 14 + 270 = u*c + 4*h. What is the units digit of c?
4
Let p = -80 - -128. What is the tens digit of p?
4
What is the units digit of (-56)/(-70) - 1/((-5)/976)?
6
Let r(x) = -1709*x - 173. What is the units digit of r(-2)?
5
Let j = -96 + 308. Suppose 0 = -4*a + j + 228. What is the units digit of a?
0
Let b = -14 - -9. Let v(s) = -s**2 + 10*s - 17. Let a be v(12). Let o = b - a. What is the units digit of o?
6
Let m = 1 - 5. Let w be (168/8)/((-6)/m). Suppose -2*c + 2*d - 3*d = -w, 0 = c + 5*d - 7. What is the units digit of c?
7
Suppose -2*f = u - 16 - 1788, 0 = -3*u. What is the tens digit of f?
0
Suppose 30 + 44 = -2*z. Suppose 62 = -2*t - 50. Let d = z - t. What is the units digit of d?
9
Suppose 6*u - 4*u - 12 = 0. What is the units digit of u/12*(3 + 81)?
2
Let f(z) = -2 + 24*z - 55 + 19. What is the units digit of f(12)?
0
Let t = -1609 + 3850. What is the thousands digit of t?
2
Suppose 5*b = -5*a + 15, -3*b + 3 = -a + 2. Let f(x) = 134*x**2 - x. What is the hundreds digit of f(b)?
1
What is the tens digit of 3 + -2 + (152 - (-5 - -3))?
5
Suppose 7*y - 992 - 2186 = 0. What is the units digit of y?
4
Suppose 0*u + 3*u + 12 = -3*j, 0 = -4*u - 3*j - 11. What is the tens digit of (12/36)/(u/129)?
4
Suppose -4*w = w - 290. Suppose b = 2*l - 8, -20 = 4*l - 9*l. Suppose -2*o = -5*r + w, -4*r - o + 15 + 34 = b. What is the units digit of r?
2
Let y(w) = -2*w**3 - 5*w**2 + 2*w + 2. Suppose 2*r = -5*x + 7, -x = 2*r - 4*x + 17. Let c be y(r). What is the units digit of 1 + -5 - (0 - c)?
8
Let n(m) = 11*m**2 - 36*m - 3. What is the units digit of n(-4)?
7
Suppose 0 = -2*g - 3*s + s + 542, 2*s = -5*g + 1370. Suppose -3*f = 6*l - l - 328, 4*l = f + g. What is the units digit of l?
8
Let y be ((-3)/(-1))/((-51)/34). What is the units digit of (36 - 5) + 4/y?
9
Suppose 0 = 3*s + 5*r + 3 + 11, 0 = -2*s - r. Suppose -t = 3*l - l - 65, s*t = 3*l + 123. What is the tens digit of t?
6
Let n be (0/(-4*1))/(-1). Let m be 66 + 2 + n/(-3). Suppose 4*z + m = 8*z. What is the tens digit of z?
1
Suppose 11*a + 4900 = 15*a. What is the units digit of a?
5
Suppose -2*z + 315